ors of 3946073?
47, 113, 743
What are the prime factors of 12315956?
2, 17, 139, 1303
What are the prime factors of 13767272?
2, 1720909
List the prime factors of 34000.
2, 5, 17
List the prime factors of 13331.
13331
What are the prime factors of 362375?
5, 13, 223
List the prime factors of 8729626.
2, 19, 229727
What are the prime factors of 622947?
3, 13, 15973
List the prime factors of 23337223.
7, 13, 317, 809
What are the prime factors of 12139319?
12139319
What are the prime factors of 915600?
2, 3, 5, 7, 109
What are the prime factors of 18361096?
2, 13, 176549
What are the prime factors of 865435?
5, 173087
What are the prime factors of 738560?
2, 5, 577
List the prime factors of 16711251.
3, 5570417
What are the prime factors of 1450000?
2, 5, 29
List the prime factors of 130821.
3, 43607
What are the prime factors of 76407?
3, 25469
What are the prime factors of 6391945?
5, 7, 182627
What are the prime factors of 545199?
3, 263, 691
List the prime factors of 1197041.
1197041
List the prime factors of 9416733.
3, 3138911
What are the prime factors of 4174198?
2, 7, 298157
What are the prime factors of 23482116?
2, 3, 7, 89, 349
List the prime factors of 1857991.
19, 97789
What are the prime factors of 379728?
2, 3, 293
List the prime factors of 31752417.
3, 10584139
List the prime factors of 1262121.
3, 7, 60101
What are the prime factors of 1164132?
2, 3, 3593
What are the prime factors of 7835010?
2, 3, 5, 261167
List the prime factors of 20933235.
3, 5, 5743
What are the prime factors of 802899?
3, 131, 227
What are the prime factors of 4041646?
2, 7, 288689
What are the prime factors of 259712?
2, 2029
What are the prime factors of 1656478?
2, 828239
List the prime factors of 3414014.
2, 127, 13441
List the prime factors of 323303.
271, 1193
What are the prime factors of 1962562?
2, 7, 103, 1361
List the prime factors of 22203336.
2, 3, 379, 2441
List the prime factors of 283559.
103, 2753
List the prime factors of 341668.
2, 229, 373
What are the prime factors of 62537?
23, 2719
What are the prime factors of 3910390?
2, 5, 11, 19, 1871
What are the prime factors of 2015972?
2, 7, 71999
List the prime factors of 1934590.
2, 5, 7, 29, 953
What are the prime factors of 757738?
2, 378869
List the prime factors of 1578496.
2, 3083
What are the prime factors of 1225764?
2, 3, 79, 431
What are the prime factors of 473533?
473533
What are the prime factors of 4094416?
2, 17, 15053
What are the prime factors of 354154?
2, 23, 7699
What are the prime factors of 106546?
2, 11, 29, 167
What are the prime factors of 792529?
792529
List the prime factors of 560097.
3, 62233
List the prime factors of 19703020.
2, 5, 985151
What are the prime factors of 170152?
2, 21269
List the prime factors of 3314804.
2, 828701
List the prime factors of 99801.
3, 13, 853
List the prime factors of 19001295.
3, 5, 31, 53, 257
What are the prime factors of 436746?
2, 3, 83, 877
List the prime factors of 8169182.
2, 7, 31, 2689
List the prime factors of 133818.
2, 3, 22303
List the prime factors of 645482.
2, 29, 31, 359
What are the prime factors of 6448012?
2, 509, 3167
What are the prime factors of 3673012?
2, 7, 233, 563
What are the prime factors of 14065829?
41, 53, 6473
List the prime factors of 2345987.
7, 19, 31, 569
List the prime factors of 1081588.
2, 59, 4583
List the prime factors of 204956.
2, 51239
What are the prime factors of 171596?
2, 42899
List the prime factors of 3171727.
13, 19, 12841
What are the prime factors of 5219975?
5, 208799
What are the prime factors of 296955?
3, 5, 6599
What are the prime factors of 2353267?
7, 336181
What are the prime factors of 1314999?
3, 7, 20873
What are the prime factors of 85482?
2, 3, 1583
What are the prime factors of 156122?
2, 251, 311
List the prime factors of 1280317.
1280317
What are the prime factors of 708838?
2, 13, 137, 199
List the prime factors of 133802.
2, 149, 449
List the prime factors of 2190968.
2, 13, 21067
What are the prime factors of 26556555?
3, 5, 1770437
What are the prime factors of 18372520?
2, 5, 459313
What are the prime factors of 492386?
2, 246193
What are the prime factors of 40411?
7, 23, 251
What are the prime factors of 7671355?
5, 89, 17239
What are the prime factors of 4123392?
2, 3, 7, 13, 59
List the prime factors of 15245516.
2, 11, 13, 2423
What are the prime factors of 546629?
71, 7699
List the prime factors of 18396933.
3, 29, 103, 2053
What are the prime factors of 911482?
2, 11, 13, 3187
List the prime factors of 623150.
2, 5, 11, 103
What are the prime factors of 8871?
3, 2957
What are the prime factors of 750309?
3, 7, 35729
List the prime factors of 401553.
3, 44617
List the prime factors of 8923374.
2, 3, 73, 6791
List the prime factors of 269862.
2, 3, 41, 1097
List the prime factors of 714428.
2, 11, 13, 1249
List the prime factors of 398086.
2, 13, 61, 251
What are the prime factors of 1246031?
41, 30391
What are the prime factors of 22296692?
2, 11, 506743
List the prime factors of 1336180.
2, 5, 66809
List the prime factors of 98485.
5, 19697
What are the prime factors of 30918739?
23, 337, 3989
What are the prime factors of 5852444?
2, 13, 241, 467
List the prime factors of 8912840.
2, 5, 163, 1367
List the prime factors of 163480.
2, 5, 61, 67
What are the prime factors of 3719883?
3, 1239961
List the prime factors of 879951.
3, 137, 2141
What are the prime factors of 123621?
3, 89, 463
List the prime factors of 1772850.
2, 3, 5, 53, 223
List the prime factors of 3718697.
131, 28387
What are the prime factors of 137982?
2, 3, 13, 29, 61
List the prime factors of 1749995.
5, 13, 19, 109
What are the prime factors of 232782?
2, 3, 11, 3527
List the prime factors of 407501.
407501
What are the prime factors of 387994?
2, 419, 463
List the prime factors of 6521892.
2, 3, 13, 97, 431
What are the prime factors of 216314?
2, 7, 15451
What are the prime factors of 6500388?
2, 3, 541699
What are the prime factors of 1141435?
5, 43, 5309
List the prime factors of 6313.
59, 107
List the prime factors of 2554644.
2, 3, 359, 593
What are the prime factors of 195990?
2, 3, 5, 47, 139
What are the prime factors of 2733796?
2, 13, 19, 2767
List the prime factors of 221869.
127, 1747
What are the prime factors of 1337974?
2, 11, 61, 997
What are the prime factors of 6360743?
6360743
What are the prime factors of 4007?
4007
List the prime factors of 202601.
7, 103, 281
List the prime factors of 21171803.
887, 23869
List the prime factors of 1346066.
2, 149, 4517
List the prime factors of 207217.
43, 61, 79
What are the prime factors of 1856825?
5, 17, 257
List the prime factors of 92786.
2, 17, 2729
What are the prime factors of 1413761?
487, 2903
What are the prime factors of 392926?
2, 223, 881
What are the prime factors of 9888589?
109, 257, 353
What are the prime factors of 326354?
2, 7, 23311
What are the prime factors of 862701?
3, 7, 41081
What are the prime factors of 4137744?
2, 3, 13, 19, 349
What are the prime factors of 9885621?
3, 31, 106297
List the prime factors of 82580.
2, 5, 4129
What are the prime factors of 225950?
2, 5, 4519
What are the prime factors of 4922932?
2, 7, 25117
What are the prime factors of 4100710?
2, 5, 37, 11083
What are the prime factors of 1718681?
83, 20707
List the prime factors of 1565711.
7, 47, 4759
What are the prime factors of 541753?
317, 1709
What are the prime factors of 625345?
5, 7, 17, 1051
What are the prime factors of 14716137?
3, 29, 169151
What are the prime factors of 215763?
3, 23, 53, 59
List the prime factors of 8846996.
2, 23, 37, 113
List the prime factors of 812495.
5, 162499
List the prime factors of 835978.
2, 11, 13, 37, 79
What are the prime factors of 5569546?
2, 19, 97, 1511
What are the prime factors of 261077?
261077
What are the prime factors of 16866935?
5, 23, 146669
List the prime factors of 1943707.
23, 84509
List the prime factors of 248289.
3, 82763
What are the prime factors of 5915901?
3, 1971967
What are the prime factors of 6695341?
41, 73, 2237
What are the prime factors of 735161?
7, 105023
List the prime factors of 253149.
3, 13, 6491
List the prime factors of 3057587.
13, 235199
List the prime factors of 7360215.
3, 5, 71, 6911
What are the prime factors of 6794303?
179, 37